07
List the prime factors of 144153.
3, 19, 281
List the prime factors of 8282709.
3, 37, 8291
What are the prime factors of 6722140?
2, 5, 17, 1163
What are the prime factors of 5302095?
3, 5, 353473
What are the prime factors of 1545628?
2, 7, 55201
List the prime factors of 4770567.
3, 530063
What are the prime factors of 9675?
3, 5, 43
What are the prime factors of 547852?
2, 136963
List the prime factors of 5732830.
2, 5, 31, 18493
What are the prime factors of 31454912?
2, 491483
List the prime factors of 3950917.
19, 23, 9041
List the prime factors of 7100270.
2, 5, 710027
What are the prime factors of 68474?
2, 7, 67, 73
What are the prime factors of 1321718?
2, 23, 59, 487
List the prime factors of 347349.
3, 115783
What are the prime factors of 1976671?
101, 19571
List the prime factors of 20637041.
31, 97, 6863
List the prime factors of 431863.
431863
What are the prime factors of 878671?
29, 41, 739
List the prime factors of 2284407.
3, 253823
What are the prime factors of 1587653?
1587653
List the prime factors of 163047.
3, 17, 23, 139
What are the prime factors of 784381?
13, 60337
What are the prime factors of 5776831?
5776831
List the prime factors of 285456.
2, 3, 19, 313
What are the prime factors of 483615?
3, 5, 11, 977
What are the prime factors of 129683?
41, 3163
What are the prime factors of 2088247?
7, 269, 1109
List the prime factors of 1129665.
3, 5, 127, 593
List the prime factors of 528781.
11, 53, 907
What are the prime factors of 4342236?
2, 3, 47, 7699
What are the prime factors of 902066?
2, 11, 131, 313
What are the prime factors of 97622?
2, 7, 19, 367
What are the prime factors of 9640548?
2, 3, 281, 953
List the prime factors of 5514036.
2, 3, 11, 37, 1129
What are the prime factors of 756717?
3, 13, 19403
List the prime factors of 1127936.
2, 2203
What are the prime factors of 81892?
2, 59, 347
What are the prime factors of 7096754?
2, 7, 506911
List the prime factors of 369237.
3, 11, 67, 167
What are the prime factors of 401124?
2, 3, 33427
List the prime factors of 4755116.
2, 523, 2273
List the prime factors of 10893885.
3, 5, 53, 71, 193
What are the prime factors of 3422428?
2, 855607
What are the prime factors of 3710886?
2, 3, 31, 71, 281
What are the prime factors of 2927073?
3, 975691
What are the prime factors of 866487?
3, 367, 787
What are the prime factors of 14106820?
2, 5, 7, 13, 23, 337
List the prime factors of 206486.
2, 7, 43
What are the prime factors of 38522?
2, 11, 17, 103
What are the prime factors of 411456?
2, 3, 2143
What are the prime factors of 7534?
2, 3767
List the prime factors of 11614053.
3, 11, 353, 997
What are the prime factors of 9117426?
2, 3, 29, 61, 859
List the prime factors of 1030544.
2, 29, 2221
What are the prime factors of 34862?
2, 17431
What are the prime factors of 150205?
5, 11, 2731
What are the prime factors of 1867185?
3, 5, 13831
What are the prime factors of 121553?
121553
What are the prime factors of 1597602?
2, 3, 59, 4513
What are the prime factors of 7979103?
3, 11, 17, 431
What are the prime factors of 46813?
13, 277
What are the prime factors of 6156561?
3, 2052187
List the prime factors of 1015932.
2, 3, 31, 2731
What are the prime factors of 1674706?
2, 11, 76123
What are the prime factors of 33983523?
3, 7, 179807
List the prime factors of 234981.
3, 967
What are the prime factors of 231472?
2, 17, 23, 37
List the prime factors of 884291.
491, 1801
List the prime factors of 3263017.
3263017
What are the prime factors of 1044038?
2, 17, 30707
List the prime factors of 24850.
2, 5, 7, 71
What are the prime factors of 262466?
2, 19, 6907
What are the prime factors of 8765805?
3, 5, 584387
List the prime factors of 233716.
2, 7, 17, 491
What are the prime factors of 1109?
1109
List the prime factors of 96743.
89, 1087
What are the prime factors of 1998507?
3, 7, 59, 1613
List the prime factors of 3170485.
5, 634097
List the prime factors of 776333.
31, 79, 317
What are the prime factors of 161194?
2, 11, 17, 431
What are the prime factors of 8145047?
8145047
What are the prime factors of 769747?
11, 19, 29, 127
What are the prime factors of 2386327?
101, 23627
What are the prime factors of 243537?
3, 7, 11597
What are the prime factors of 18913?
18913
What are the prime factors of 3427230?
2, 3, 5, 23, 4967
What are the prime factors of 211991?
13, 23, 709
What are the prime factors of 8969?
8969
What are the prime factors of 138780?
2, 3, 5, 257
What are the prime factors of 15983442?
2, 3, 269, 3301
List the prime factors of 5350739.
149, 35911
What are the prime factors of 1516889?
11, 37, 3727
List the prime factors of 3999571.
89, 44939
List the prime factors of 8230992.
2, 3, 7, 11, 17, 131
List the prime factors of 544016.
2, 11, 281
What are the prime factors of 535473?
3, 59497
List the prime factors of 3250110.
2, 3, 5, 131, 827
What are the prime factors of 116576?
2, 3643
What are the prime factors of 1191620?
2, 5, 59581
What are the prime factors of 1704719?
661, 2579
List the prime factors of 1280132.
2, 7, 131, 349
List the prime factors of 259009.
259009
What are the prime factors of 259564?
2, 64891
What are the prime factors of 133835?
5, 13, 29, 71
What are the prime factors of 6949234?
2, 229, 15173
What are the prime factors of 2631161?
13, 15569
What are the prime factors of 2553741?
3, 94583
List the prime factors of 247086.
2, 3, 7, 37, 53
List the prime factors of 101505.
3, 5, 67, 101
What are the prime factors of 135195?
3, 5, 9013
List the prime factors of 405135.
3, 5, 3001
List the prime factors of 368583.
3, 122861
List the prime factors of 4328168.
2, 13, 41617
What are the prime factors of 313991?
313991
List the prime factors of 248260.
2, 5, 12413
What are the prime factors of 7939534?
2, 31, 37, 3461
What are the prime factors of 101894?
2, 13, 3919
What are the prime factors of 249281?
71, 3511
List the prime factors of 4086455.
5, 817291
List the prime factors of 3531695.
5, 79, 8941
What are the prime factors of 4696280?
2, 5, 113, 1039
List the prime factors of 15675778.
2, 7837889
What are the prime factors of 16369659?
3, 19, 29, 3301
What are the prime factors of 1235507?
7, 13, 13577
List the prime factors of 41175.
3, 5, 61
List the prime factors of 689029.
11, 62639
What are the prime factors of 176094?
2, 3, 1087
List the prime factors of 218134.
2, 7, 15581
What are the prime factors of 303944?
2, 37993
List the prime factors of 205131.
3, 101, 677
What are the prime factors of 498712?
2, 17, 19, 193
List the prime factors of 85316.
2, 7, 11, 277
What are the prime factors of 594961?
594961
What are the prime factors of 11916172?
2, 2979043
List the prime factors of 1571716.
2, 392929
What are the prime factors of 284773?
47, 73, 83
What are the prime factors of 1180518?
2, 3, 151, 1303
List the prime factors of 160102.
2, 80051
List the prime factors of 25277.
7, 23, 157
List the prime factors of 220597.
13, 71, 239
List the prime factors of 7332642.
2, 3, 407369
List the prime factors of 4886711.
743, 6577
List the prime factors of 16782064.
2, 13, 80683
List the prime factors of 4652369.
1511, 3079
List the prime factors of 4813000.
2, 5, 4813
List the prime factors of 9862383.
3, 3287461
What are the prime factors of 154513?
17, 61, 149
What are the prime factors of 485496?
2, 3, 11, 613
What are the prime factors of 26329270?
2, 5, 11, 239357
What are the prime factors of 7540394?
2, 43, 87679
List the prime factors of 82912.
2, 2591
What are the prime factors of 348403?
11, 19, 1667
List the prime factors of 210286.
2, 105143
What are the prime factors of 5322441?
3, 1063, 1669
What are the prime factors of 428248?
2, 199, 269
What are the prime factors of 7084267?
41, 172787
What are the prime factors of 633131?
17, 37243
What are the prime factors of 247471?
7, 35353
What are the prime factors of 210739?
210739
List the prime factors of 706567.
73, 9679
List the prime factors of 3384051.
3, 11, 102547
List the prime factors of 111375.
3, 5, 11
What are the prime factors of 56503?
56503
List the prime factors of 12472620.
2, 3, 5, 207877
What are the prime factors of 2095065?
3, 5, 7, 739
List the prime factors of 1071554.
2, 11, 53, 919
List the prime factors of 4921.
7, 19, 37
List